{"id":430,"date":"2017-08-28T22:47:24","date_gmt":"2017-08-28T20:47:24","guid":{"rendered":"https:\/\/ctyrlistek-pardubice.eu\/nemosice\/?page_id=430"},"modified":"2024-09-09T11:26:55","modified_gmt":"2024-09-09T09:26:55","slug":"povinne-predskolni-vzdelavani","status":"publish","type":"page","link":"https:\/\/ctyrlistek-pardubice.eu\/nemosice\/organizace\/povinne-predskolni-vzdelavani\/","title":{"rendered":"Povinn\u00e9 p\u0159ed\u0161koln\u00ed vzd\u011bl\u00e1v\u00e1n\u00ed"},"content":{"rendered":"<h2>Doch\u00e1zka a zp\u016fsob vzd\u011bl\u00e1v\u00e1n\u00ed v M\u0160<\/h2>\n<div class=\"excerpt\">\n<p>Povinn\u00e9 p\u0159ed\u0161koln\u00ed vzd\u011bl\u00e1v\u00e1n\u00ed m\u00e1 formu pravideln\u00e9 denn\u00ed doch\u00e1zky v pracovn\u00edch dnech od 8 do 12 hodin. Povinn\u00e9 p\u0159ed\u0161koln\u00ed vzd\u011bl\u00e1v\u00e1n\u00ed se stanovuje v rozsahu 4 hodin denn\u011b. Povinnost p\u0159ed\u0161koln\u00edho vzd\u011bl\u00e1v\u00e1n\u00ed nen\u00ed d\u00e1na ve dnech, kter\u00e9 p\u0159ipadaj\u00ed na obdob\u00ed \u0161koln\u00edch pr\u00e1zdnin v souladu s organizac\u00ed \u0161koln\u00edho roku v z\u00e1kladn\u00edch a st\u0159edn\u00edch \u0161kol\u00e1ch.<\/p>\n<p>Z\u00e1konn\u00fd z\u00e1stupce d\u00edt\u011bte\u00a0 je povinen omluvit nep\u0159\u00edtomnost d\u00edt\u011bte ve vzd\u011bl\u00e1v\u00e1n\u00ed nejpozd\u011bji prvn\u00ed den jeho nep\u0159\u00edtomnosti, telefonicky nebo osobn\u011b. Po n\u00e1vratu d\u00edt\u011bte do \u0161koly rodi\u010d vypln\u00ed p\u00edsemnou omluvu d\u00edt\u011bte na formul\u00e1\u0159 um\u00edst\u011bn\u00fd v \u0161atn\u00e1ch a p\u0159ed\u00e1 ho u\u010ditelce na t\u0159\u00edd\u011b. Neohl\u00e1\u0161en\u00ed a neomluven\u00ed d\u00edt\u011bte v povinn\u00e9m p\u0159ed\u0161koln\u00edm vzd\u011bl\u00e1v\u00e1n\u00ed se z\u00e1konn\u00fd z\u00e1stupce dopou\u0161t\u00ed p\u0159estupku zanedb\u00e1n\u00ed p\u00e9\u010de. P\u0159i projedn\u00e1v\u00e1n\u00ed p\u0159estupku \u0161kola bude spolupracovat s OSPOD (viz oznamovac\u00ed povinnost, dle $10 odst. 4 ve spojen\u00ed s $ 6 p\u00edsm. c z\u00e1kona 359\/1999 Sb., o soci\u00e1ln\u011b pr\u00e1vn\u00ed ochran\u011b d\u011bt\u00ed, v platn\u00e9m zn\u011bn\u00ed.<\/p>\n<p>V p\u0159\u00edpad\u011b pl\u00e1novan\u00e9 nep\u0159\u00edtomnosti d\u00edt\u011bte del\u0161\u00ed v\u00edc jak 5 prac. dn\u00ed, pod\u00e1 rodi\u010d u \u0159editele \u0161koly p\u00edsemnou <a href=\"https:\/\/ctyrlistek-pardubice.eu\/wp-content\/themes\/ms-ctyrlistek\/imageprotector.php?filename=sites\/3\/2024\/02\/Uvolneni-z-povinne-dochazky.pdf\"><strong>\u017e\u00e1dost o uvoln\u011bn\u00ed ze \u0161koly<\/strong> <\/a>a to v dostate\u010dn\u00e9m p\u0159edstihu, aby na ni bylo mo\u017en\u00e9 reagovat.<\/p>\n<p>N\u00e1rodn\u00ed institut \u010cesk\u00e9 republiky vydal dokument <a href=\"https:\/\/ctyrlistek-pardubice.eu\/wp-content\/themes\/ms-ctyrlistek\/imageprotector.php?filename=sites\/3\/2024\/04\/Jak-muzete-pomoci-svemu-diteti-pred-nastupem-do-ZS.pdf\">&#8222;Jak pomoci sv\u00e9mu d\u00edt\u011bti p\u0159ed n\u00e1stupem do Z\u0160&#8220;.<\/a><\/p>\n<\/div>\n","protected":false},"excerpt":{"rendered":"<p>Doch\u00e1zka a zp\u016fsob vzd\u011bl\u00e1v\u00e1n\u00ed v M\u0160 Povinn\u00e9 p\u0159ed\u0161koln\u00ed vzd\u011bl\u00e1v\u00e1n\u00ed m\u00e1 formu pravideln\u00e9 denn\u00ed doch\u00e1zky v pracovn\u00edch dnech od 8 do 12 hodin. Povinn\u00e9 p\u0159ed\u0161koln\u00ed vzd\u011bl\u00e1v\u00e1n\u00ed se stanovuje v rozsahu 4 hodin denn\u011b. Povinnost p\u0159ed\u0161koln\u00edho vzd\u011bl\u00e1v\u00e1n\u00ed nen\u00ed d\u00e1na ve dnech, kter\u00e9 p\u0159ipadaj\u00ed na obdob\u00ed \u0161koln\u00edch pr\u00e1zdnin v souladu s organizac\u00ed \u0161koln\u00edho roku v z\u00e1kladn\u00edch a st\u0159edn\u00edch [&hellip;]<\/p>\n","protected":false},"author":1,"featured_media":0,"parent":11,"menu_order":0,"comment_status":"closed","ping_status":"closed","template":"","meta":{"_acf_changed":false,"footnotes":""},"class_list":["post-430","page","type-page","status-publish","hentry"],"acf":[],"_links":{"self":[{"href":"https:\/\/ctyrlistek-pardubice.eu\/nemosice\/wp-json\/wp\/v2\/pages\/430","targetHints":{"allow":["GET"]}}],"collection":[{"href":"https:\/\/ctyrlistek-pardubice.eu\/nemosice\/wp-json\/wp\/v2\/pages"}],"about":[{"href":"https:\/\/ctyrlistek-pardubice.eu\/nemosice\/wp-json\/wp\/v2\/types\/page"}],"author":[{"embeddable":true,"href":"https:\/\/ctyrlistek-pardubice.eu\/nemosice\/wp-json\/wp\/v2\/users\/1"}],"replies":[{"embeddable":true,"href":"https:\/\/ctyrlistek-pardubice.eu\/nemosice\/wp-json\/wp\/v2\/comments?post=430"}],"version-history":[{"count":14,"href":"https:\/\/ctyrlistek-pardubice.eu\/nemosice\/wp-json\/wp\/v2\/pages\/430\/revisions"}],"predecessor-version":[{"id":14170,"href":"https:\/\/ctyrlistek-pardubice.eu\/nemosice\/wp-json\/wp\/v2\/pages\/430\/revisions\/14170"}],"up":[{"embeddable":true,"href":"https:\/\/ctyrlistek-pardubice.eu\/nemosice\/wp-json\/wp\/v2\/pages\/11"}],"wp:attachment":[{"href":"https:\/\/ctyrlistek-pardubice.eu\/nemosice\/wp-json\/wp\/v2\/media?parent=430"}],"curies":[{"name":"wp","href":"https:\/\/api.w.org\/{rel}","templated":true}]}}