{"id":8,"date":"2016-12-12T22:27:50","date_gmt":"2016-12-12T21:27:50","guid":{"rendered":"http:\/\/ctyrlistek-pardubice.eu\/nemosice\/?page_id=8"},"modified":"2025-09-19T11:43:15","modified_gmt":"2025-09-19T09:43:15","slug":"o-nas","status":"publish","type":"page","link":"https:\/\/ctyrlistek-pardubice.eu\/nemosice\/o-nas\/","title":{"rendered":"O n\u00e1s"},"content":{"rendered":"<h4><strong>Od roku 2004 byla p\u016fvodn\u00ed M\u0160 Nemo\u0161ice p\u0159evedena pod M\u0160 \u010cty\u0159l\u00edstek, N\u00e1rodn\u00edch hrdin\u016f 8, a stala se tak od tohoto roku jej\u00edm odlou\u010den\u00fdm pracovi\u0161t\u011bm. Spole\u010dn\u011b s kmenovou mate\u0159skou \u0161kolou n\u00e1s spojuje chr\u00e1n\u011bn\u00e1 oblast Nemo\u0161ick\u00e1 str\u00e1\u0148. Koncepce mate\u0159sk\u00e9 \u0161koly je zam\u011b\u0159en\u00e1 na ochranu p\u0159\u00edrody a \u017eivotn\u00edho prost\u0159ed\u00ed. K realizaci t\u00e9to koncepce p\u0159isp\u00edvaj\u00ed i dal\u0161\u00ed aktivity jako je spolupr\u00e1ce s EKO centrem Paleta, p\u00e9\u010de o ptactvo v zim\u011b a t\u0159\u00edd\u011bn\u00ed odpad\u016f (aktivn\u00ed \u00fa\u010dast v sout\u011b\u017ei ve sb\u011bru PET lahv\u00ed, pap\u00edru a kovov\u00fdch n\u00e1pojov\u00fdch obal\u016f).\u00a0<\/strong><\/h4>\r\n<h2>Charakteristika vzd\u011bl\u00e1vac\u00edho programu<strong>\u00a0<span style=\"color: #008000\">\u201ePozn\u00e1v\u00e1me sv\u011bt\u201c:<\/span><\/strong><\/h2>\r\n<p><strong>motto:<\/strong>\u00a0 <strong><span style=\"color: #008000\">\u2026pozn\u00e1v\u00e1me, \u017ee sv\u011bt je pln\u00fd vody, zem\u011b, zv\u00ed\u0159at,<\/span><\/strong><\/p>\r\n<p><strong><span style=\"color: #008000\">\u017ee sv\u011bt je pln\u00fd rostlin, hra\u010dek, lid\u00ed a v\u011bc\u00ed<\/span><\/strong><\/p>\r\n<p><strong><span style=\"color: #008000\">a o n\u011bm si budeme spole\u010dn\u011b pov\u00eddat p\u0159eci\u2026<\/span><\/strong><\/p>\r\n<p>N\u00e1\u0161 \u0161koln\u00ed vzd\u011bl\u00e1vac\u00ed program respektuje r\u00e1mcov\u00e9 c\u00edle <span style=\"color: #000000\">p\u0159ed\u0161koln\u00edho<\/span> vzd\u011bl\u00e1v\u00e1n\u00ed, tedy dov\u00e9st d\u00edt\u011b na konci jeho p\u0159ed\u0161koln\u00edho obdob\u00ed k tomu, aby v rozsahu sv\u00fdch osobn\u00edch p\u0159edpoklad\u016f z\u00edskalo v\u011bku p\u0159im\u011b\u0159enou fyzickou, psychickou i soci\u00e1ln\u00ed samostatnost a z\u00e1klady kompetenc\u00ed d\u016fle\u017eit\u00fdch pro jeho dal\u0161\u00ed rozvoj a u\u010den\u00ed, pro \u017eivot a vzd\u011bl\u00e1n\u00ed.<\/p>\r\n<h2>Nadstandardn\u00ed aktivity<\/h2>\r\n<p>V\u0161echny d\u011bti maj\u00ed mo\u017enost \u00fa\u010dastnit se v hlavn\u00edm vzd\u011bl\u00e1vac\u00edm proudu aktivit pod veden\u00edm t\u0159\u00eddn\u00edch u\u010ditelek, jako je:<\/p>\r\n<ul>\r\n<li><strong>netradi\u010dn\u00ed v\u00fdtvarn\u00e9 tvo\u0159en\u00ed <\/strong>s pou\u017eit\u00edm r\u016fzn\u00fdch technik a materi\u00e1l\u016f<\/li>\r\n<li><strong>kolektivn\u00ed a m\u00ed\u010dov\u00e9 hry\u00a0<\/strong><\/li>\r\n<\/ul>\r\n<p><strong><span style=\"color: #008000\">Dal\u0161\u00ed:<\/span><\/strong><\/p>\r\n<ul>\r\n<li><strong>Plav\u00e1n\u00ed<\/strong>:\u00a0za poplatek, dle z\u00e1jmu rodi\u010d\u016f<\/li>\r\n<li><strong>Angli\u010dtina<\/strong>:\u00a0za poplatek, dle z\u00e1jmu rodi\u010d\u016f<\/li>\r\n<li><strong>In-line:<\/strong>\u00a0za poplatek, dle z\u00e1jmu rodi\u010d\u016f<\/li>\r\n<li><strong>Ly\u017eov\u00e1n\u00ed:<\/strong>\u00a0za poplatek, dle z\u00e1jmu rodi\u010d\u016f<\/li>\r\n<li><strong>Logopedie<\/strong>:\u00a0dle pot\u0159eby d\u011bt\u00ed,\u00a0zdarma<\/li>\r\n<li><strong>Keramika:\u00a0<\/strong>dle z\u00e1jmu d\u011bt\u00ed, zdarma<\/li>\r\n<li><strong>Zrakov\u00fd screening: <\/strong>prevence zraku\u00a0<\/li>\r\n<li><strong>Logopedick\u00e1 depist\u00e1\u017e:\u00a0<\/strong>Mgr. Dana Markov\u00e1 &#8211; speci\u00e1ln\u00ed pedagog a logoped<\/li>\r\n<\/ul>\r\n<!-- \/wp:post-content -->\r\n\r\n<!-- wp:paragraph -->\r\n<p><a href=\"https:\/\/ctyrlistek-pardubice.eu\/nemosice\/gdpr-general-data-protection-regulation\/\">Ochrana osobn\u00edch \u00fadaj\u016f (GDPR)<\/a><\/p>\r\n<!-- \/wp:paragraph -->\r\n\r\n<!-- wp:paragraph \/-->","protected":false},"excerpt":{"rendered":"<p>Od roku 2004 byla p\u016fvodn\u00ed M\u0160 Nemo\u0161ice p\u0159evedena pod M\u0160 \u010cty\u0159l\u00edstek, N\u00e1rodn\u00edch hrdin\u016f 8, a stala se tak od tohoto roku jej\u00edm odlou\u010den\u00fdm pracovi\u0161t\u011bm. Spole\u010dn\u011b s kmenovou mate\u0159skou \u0161kolou n\u00e1s spojuje chr\u00e1n\u011bn\u00e1 oblast Nemo\u0161ick\u00e1 str\u00e1\u0148. Koncepce mate\u0159sk\u00e9 \u0161koly je zam\u011b\u0159en\u00e1 na ochranu p\u0159\u00edrody a \u017eivotn\u00edho prost\u0159ed\u00ed. K realizaci t\u00e9to koncepce p\u0159isp\u00edvaj\u00ed i dal\u0161\u00ed aktivity jako [&hellip;]<\/p>\n","protected":false},"author":1,"featured_media":0,"parent":0,"menu_order":2,"comment_status":"closed","ping_status":"closed","template":"","meta":{"_acf_changed":false,"footnotes":""},"class_list":["post-8","page","type-page","status-publish","hentry"],"acf":[],"_links":{"self":[{"href":"https:\/\/ctyrlistek-pardubice.eu\/nemosice\/wp-json\/wp\/v2\/pages\/8","targetHints":{"allow":["GET"]}}],"collection":[{"href":"https:\/\/ctyrlistek-pardubice.eu\/nemosice\/wp-json\/wp\/v2\/pages"}],"about":[{"href":"https:\/\/ctyrlistek-pardubice.eu\/nemosice\/wp-json\/wp\/v2\/types\/page"}],"author":[{"embeddable":true,"href":"https:\/\/ctyrlistek-pardubice.eu\/nemosice\/wp-json\/wp\/v2\/users\/1"}],"replies":[{"embeddable":true,"href":"https:\/\/ctyrlistek-pardubice.eu\/nemosice\/wp-json\/wp\/v2\/comments?post=8"}],"version-history":[{"count":148,"href":"https:\/\/ctyrlistek-pardubice.eu\/nemosice\/wp-json\/wp\/v2\/pages\/8\/revisions"}],"predecessor-version":[{"id":17856,"href":"https:\/\/ctyrlistek-pardubice.eu\/nemosice\/wp-json\/wp\/v2\/pages\/8\/revisions\/17856"}],"wp:attachment":[{"href":"https:\/\/ctyrlistek-pardubice.eu\/nemosice\/wp-json\/wp\/v2\/media?parent=8"}],"curies":[{"name":"wp","href":"https:\/\/api.w.org\/{rel}","templated":true}]}}